[INFO] cloning repository https://github.com/Michielnuyts/rust-study-hours
[INFO] running `Command { std: "git" "-c" "credential.helper=" "-c" "credential.helper=/workspace/cargo-home/bin/git-credential-null" "clone" "--bare" "https://github.com/Michielnuyts/rust-study-hours" "/workspace/cache/git-repos/https%3A%2F%2Fgithub.com%2FMichielnuyts%2Frust-study-hours", kill_on_drop: false }`
[INFO] [stderr] Cloning into bare repository '/workspace/cache/git-repos/https%3A%2F%2Fgithub.com%2FMichielnuyts%2Frust-study-hours'...
[INFO] running `Command { std: "git" "rev-parse" "HEAD", kill_on_drop: false }`
[INFO] [stdout] ac2ff842bc58a59c5ede2e9948f17403f4bde9cf
[INFO] building Michielnuyts/rust-study-hours against master#881c1ac408d93bb7adaa3a51dabab9266e82eee8 for issue-85264
[INFO] running `Command { std: "git" "clone" "/workspace/cache/git-repos/https%3A%2F%2Fgithub.com%2FMichielnuyts%2Frust-study-hours" "/workspace/builds/worker-13/source", kill_on_drop: false }`
[INFO] [stderr] Cloning into '/workspace/builds/worker-13/source'...
[INFO] [stderr] done.
[INFO] validating manifest of git repo https://github.com/Michielnuyts/rust-study-hours on toolchain 881c1ac408d93bb7adaa3a51dabab9266e82eee8
[INFO] running `Command { std: "/workspace/cargo-home/bin/cargo" "+881c1ac408d93bb7adaa3a51dabab9266e82eee8" "metadata" "--manifest-path" "Cargo.toml" "--no-deps", kill_on_drop: false }`
[INFO] started tweaking git repo https://github.com/Michielnuyts/rust-study-hours
[INFO] finished tweaking git repo https://github.com/Michielnuyts/rust-study-hours
[INFO] tweaked toml for git repo https://github.com/Michielnuyts/rust-study-hours written to /workspace/builds/worker-13/source/Cargo.toml
[INFO] crate git repo https://github.com/Michielnuyts/rust-study-hours already has a lockfile, it will not be regenerated
[INFO] running `Command { std: "/workspace/cargo-home/bin/cargo" "+881c1ac408d93bb7adaa3a51dabab9266e82eee8" "fetch" "--manifest-path" "Cargo.toml", kill_on_drop: false }`
[INFO] [stderr]     Blocking waiting for file lock on package cache
[INFO] [stderr]     Blocking waiting for file lock on package cache
[INFO] running `Command { std: "docker" "create" "-v" "/var/lib/crater-agent-workspace/builds/worker-13/target:/opt/rustwide/target:rw,Z" "-v" "/var/lib/crater-agent-workspace/builds/worker-13/source:/opt/rustwide/workdir:ro,Z" "-v" "/var/lib/crater-agent-workspace/cargo-home:/opt/rustwide/cargo-home:ro,Z" "-v" "/var/lib/crater-agent-workspace/rustup-home:/opt/rustwide/rustup-home:ro,Z" "-e" "SOURCE_DIR=/opt/rustwide/workdir" "-e" "CARGO_TARGET_DIR=/opt/rustwide/target" "-e" "CARGO_HOME=/opt/rustwide/cargo-home" "-e" "RUSTUP_HOME=/opt/rustwide/rustup-home" "-w" "/opt/rustwide/workdir" "-m" "1610612736" "--user" "0:0" "--network" "none" "ghcr.io/rust-lang/crates-build-env/linux@sha256:20528e8c29e4536546f0102ce88568b16ea7538393a33fcca951030f7af10457" "/opt/rustwide/cargo-home/bin/cargo" "+881c1ac408d93bb7adaa3a51dabab9266e82eee8" "metadata" "--no-deps" "--format-version=1", kill_on_drop: false }`
[INFO] [stdout] 1bc18fda858adfc56a9ae7628c22770b20538f2f542f79b7a5e078371c7402bd
[INFO] [stderr] WARNING: Your kernel does not support swap limit capabilities or the cgroup is not mounted. Memory limited without swap.
[INFO] running `Command { std: "docker" "start" "-a" "1bc18fda858adfc56a9ae7628c22770b20538f2f542f79b7a5e078371c7402bd", kill_on_drop: false }`
[INFO] running `Command { std: "docker" "inspect" "1bc18fda858adfc56a9ae7628c22770b20538f2f542f79b7a5e078371c7402bd", kill_on_drop: false }`
[INFO] running `Command { std: "docker" "rm" "-f" "1bc18fda858adfc56a9ae7628c22770b20538f2f542f79b7a5e078371c7402bd", kill_on_drop: false }`
[INFO] [stdout] 1bc18fda858adfc56a9ae7628c22770b20538f2f542f79b7a5e078371c7402bd
[INFO] running `Command { std: "docker" "create" "-v" "/var/lib/crater-agent-workspace/builds/worker-13/target:/opt/rustwide/target:rw,Z" "-v" "/var/lib/crater-agent-workspace/builds/worker-13/source:/opt/rustwide/workdir:ro,Z" "-v" "/var/lib/crater-agent-workspace/cargo-home:/opt/rustwide/cargo-home:ro,Z" "-v" "/var/lib/crater-agent-workspace/rustup-home:/opt/rustwide/rustup-home:ro,Z" "-e" "SOURCE_DIR=/opt/rustwide/workdir" "-e" "CARGO_TARGET_DIR=/opt/rustwide/target" "-e" "CARGO_INCREMENTAL=0" "-e" "RUST_BACKTRACE=full" "-e" "RUSTFLAGS=--cap-lints=forbid" "-e" "CARGO_HOME=/opt/rustwide/cargo-home" "-e" "RUSTUP_HOME=/opt/rustwide/rustup-home" "-w" "/opt/rustwide/workdir" "-m" "1610612736" "--user" "0:0" "--network" "none" "ghcr.io/rust-lang/crates-build-env/linux@sha256:20528e8c29e4536546f0102ce88568b16ea7538393a33fcca951030f7af10457" "/opt/rustwide/cargo-home/bin/cargo" "+881c1ac408d93bb7adaa3a51dabab9266e82eee8" "build" "--frozen" "--message-format=json", kill_on_drop: false }`
[INFO] [stdout] 0c084fa2bd4d57f0419c991ca0f827ccdf38ae423b4fba38d5cac565415f3d17
[INFO] [stderr] WARNING: Your kernel does not support swap limit capabilities or the cgroup is not mounted. Memory limited without swap.
[INFO] running `Command { std: "docker" "start" "-a" "0c084fa2bd4d57f0419c991ca0f827ccdf38ae423b4fba38d5cac565415f3d17", kill_on_drop: false }`
[INFO] [stderr]    Compiling unicode-xid v0.2.0
[INFO] [stderr]    Compiling syn v1.0.46
[INFO] [stderr]    Compiling cfg-if v0.1.10
[INFO] [stderr]    Compiling wasm-bindgen-shared v0.2.68
[INFO] [stderr]    Compiling log v0.4.8
[INFO] [stderr]    Compiling serde_derive v1.0.117
[INFO] [stderr]    Compiling serde v1.0.117
[INFO] [stderr]    Compiling ryu v1.0.2
[INFO] [stderr]    Compiling bumpalo v3.1.2
[INFO] [stderr]    Compiling lazy_static v1.4.0
[INFO] [stderr]    Compiling serde_json v1.0.59
[INFO] [stderr]    Compiling libc v0.2.66
[INFO] [stderr]    Compiling wasm-bindgen v0.2.68
[INFO] [stderr]    Compiling itoa v0.4.4
[INFO] [stderr]    Compiling getrandom v0.1.14
[INFO] [stderr]    Compiling futures-sink v0.3.6
[INFO] [stderr]    Compiling standback v0.2.8
[INFO] [stderr]    Compiling futures-core v0.3.6
[INFO] [stderr]    Compiling pin-project-internal v0.4.27
[INFO] [stderr]    Compiling proc-macro-nested v0.1.3
[INFO] [stderr]    Compiling once_cell v1.3.1
[INFO] [stderr]    Compiling pin-utils v0.1.0
[INFO] [stderr]    Compiling futures-io v0.3.6
[INFO] [stderr]    Compiling bitflags v1.2.1
[INFO] [stderr]    Compiling pulldown-cmark v0.8.0
[INFO] [stderr]    Compiling unicode-width v0.1.7
[INFO] [stderr]    Compiling hashbrown v0.9.1
[INFO] [stderr]    Compiling enclose v1.1.8
[INFO] [stderr]    Compiling fixed-vec-deque v0.1.9
[INFO] [stderr]    Compiling time v0.2.15
[INFO] [stderr]    Compiling unicase v2.6.0
[INFO] [stderr]    Compiling dbg v1.0.4
[INFO] [stderr]    Compiling cookie v0.14.2
[INFO] [stderr]    Compiling indexmap v1.6.0
[INFO] [stderr]    Compiling seed v0.8.0
[INFO] [stderr]    Compiling proc-macro2 v1.0.24
[INFO] [stderr]    Compiling getopts v0.2.21
[INFO] [stderr]    Compiling futures-channel v0.3.6
[INFO] [stderr]    Compiling futures-task v0.3.6
[INFO] [stderr]    Compiling quote v1.0.2
[INFO] [stderr]    Compiling rand_core v0.5.1
[INFO] [stderr]    Compiling rand_pcg v0.2.1
[INFO] [stderr]    Compiling rand_chacha v0.2.2
[INFO] [stderr]    Compiling rand v0.7.3
[INFO] [stderr]    Compiling uuid v0.8.1
[INFO] [stderr]    Compiling wasm-bindgen-backend v0.2.68
[INFO] [stderr]    Compiling wasm-bindgen-macro-support v0.2.68
[INFO] [stderr]    Compiling proc-macro-hack v0.5.11
[INFO] [stderr]    Compiling wasm-bindgen-macro v0.2.68
[INFO] [stderr]    Compiling time-macros-impl v0.1.1
[INFO] [stderr]    Compiling futures-macro v0.3.6
[INFO] [stderr]    Compiling pin-project v0.4.27
[INFO] [stderr]    Compiling time-macros v0.1.0
[INFO] [stderr]    Compiling futures-util v0.3.6
[INFO] [stderr]    Compiling futures-executor v0.3.6
[INFO] [stderr]    Compiling futures v0.3.6
[INFO] [stderr]    Compiling js-sys v0.3.45
[INFO] [stderr]    Compiling console_error_panic_hook v0.1.6
[INFO] [stderr]    Compiling web-sys v0.3.45
[INFO] [stderr]    Compiling wasm-bindgen-futures v0.4.18
[INFO] [stderr]    Compiling gloo-events v0.1.1
[INFO] [stderr]    Compiling gloo-timers v0.2.1
[INFO] [stderr]    Compiling gloo-file v0.1.0
[INFO] [stderr]    Compiling kavik_cz v0.1.0 (/opt/rustwide/workdir)
[INFO] [stdout] error[E0583]: file not found for module `css_classes`
[INFO] [stdout]  --> src/generated/mod.rs:3:1
[INFO] [stdout]   |
[INFO] [stdout] 3 | pub mod css_classes;
[INFO] [stdout]   | ^^^^^^^^^^^^^^^^^^^^
[INFO] [stdout]   |
[INFO] [stdout]   = help: to create the module `css_classes`, create file "src/generated/css_classes.rs" or "src/generated/css_classes/mod.rs"
[INFO] [stdout] 
[INFO] [stdout] 
[INFO] [stdout] error[E0432]: unresolved import `crate::generated::css_classes::C`
[INFO] [stdout]  --> src/page/about.rs:2:17
[INFO] [stdout]   |
[INFO] [stdout] 2 |     asset_path, generated::css_classes::C, image_src, Msg, MAIL_TO_KAVIK,
[INFO] [stdout]   |                 ^^^^^^^^^^^^^^^^^^^^^^^^^ no `C` in `generated::css_classes`
[INFO] [stdout]   |
[INFO] [stdout]   = note: this could be because a macro annotated with `#[macro_export]` will be exported at the root of the crate instead of the module where it is defined
[INFO] [stdout] help: a macro with this name exists at the root of the crate
[INFO] [stdout]   |
[INFO] [stdout] 1 | use crate::{C, 
[INFO] [stdout] 2 |     asset_path, image_src, Msg, MAIL_TO_KAVIK,
[INFO] [stdout]   |
[INFO] [stdout] 
[INFO] [stdout] 
[INFO] [stdout] error[E0432]: unresolved import `crate::generated::css_classes::C`
[INFO] [stdout]  --> src/page/home.rs:2:5
[INFO] [stdout]   |
[INFO] [stdout] 2 |     generated::css_classes::C, image_src, Msg, Urls, MAIL_TO_HELLWEB,
[INFO] [stdout]   |     ^^^^^^^^^^^^^^^^^^^^^^^^^ no `C` in `generated::css_classes`
[INFO] [stdout]   |
[INFO] [stdout]   = note: this could be because a macro annotated with `#[macro_export]` will be exported at the root of the crate instead of the module where it is defined
[INFO] [stdout] help: a macro with this name exists at the root of the crate
[INFO] [stdout]   |
[INFO] [stdout] 1 | use crate::{C, 
[INFO] [stdout] 2 |     image_src, Msg, Urls, MAIL_TO_HELLWEB,
[INFO] [stdout]   |
[INFO] [stdout] 
[INFO] [stdout] 
[INFO] [stdout] error[E0432]: unresolved import `crate::generated::css_classes::C`
[INFO] [stdout]  --> src/page/not_found.rs:1:13
[INFO] [stdout]   |
[INFO] [stdout] 1 | use crate::{generated::css_classes::C, Msg};
[INFO] [stdout]   |             ^^^^^^^^^^^^^^^^^^^^^^^^^ no `C` in `generated::css_classes`
[INFO] [stdout]   |
[INFO] [stdout]   = note: this could be because a macro annotated with `#[macro_export]` will be exported at the root of the crate instead of the module where it is defined
[INFO] [stdout] help: a macro with this name exists at the root of the crate
[INFO] [stdout]   |
[INFO] [stdout] 1 | use crate::{C, Msg};
[INFO] [stdout]   |            --^
[INFO] [stdout] 
[INFO] [stdout] 
[INFO] [stdout] error[E0432]: unresolved import `crate::generated::css_classes::C`
[INFO] [stdout]  --> src/page/partial/footer.rs:1:13
[INFO] [stdout]   |
[INFO] [stdout] 1 | use crate::{generated::css_classes::C, image_src, Msg, MAIL_TO_KAVIK};
[INFO] [stdout]   |             ^^^^^^^^^^^^^^^^^^^^^^^^^ no `C` in `generated::css_classes`
[INFO] [stdout]   |
[INFO] [stdout]   = note: this could be because a macro annotated with `#[macro_export]` will be exported at the root of the crate instead of the module where it is defined
[INFO] [stdout] help: a macro with this name exists at the root of the crate
[INFO] [stdout]   |
[INFO] [stdout] 1 | use crate::{C, image_src, Msg, MAIL_TO_KAVIK};
[INFO] [stdout]   |            --^
[INFO] [stdout] 
[INFO] [stdout] 
[INFO] [stdout] error[E0432]: unresolved import `crate::generated::css_classes::C`
[INFO] [stdout]  --> src/page/partial/header.rs:3:5
[INFO] [stdout]   |
[INFO] [stdout] 3 |     generated::css_classes::C,
[INFO] [stdout]   |     ^^^^^^^^^^^^^^^^^^^^^^^^^ no `C` in `generated::css_classes`
[INFO] [stdout]   |
[INFO] [stdout]   = note: this could be because a macro annotated with `#[macro_export]` will be exported at the root of the crate instead of the module where it is defined
[INFO] [stdout] help: a macro with this name exists at the root of the crate
[INFO] [stdout]   |
[INFO] [stdout] 1 | use crate::{C, 
[INFO] [stdout] 2 |     asset_path,
[INFO] [stdout] 3 |     
[INFO] [stdout]   |
[INFO] [stdout] 
[INFO] [stdout] 
[INFO] [stdout] error[E0432]: unresolved import `generated::css_classes::C`
[INFO] [stdout]   --> src/lib.rs:16:5
[INFO] [stdout]    |
[INFO] [stdout] 16 | use generated::css_classes::C;
[INFO] [stdout]    |     ^^^^^^^^^^^^^^^^^^^^^^^^^ no `C` in `generated::css_classes`
[INFO] [stdout]    |
[INFO] [stdout]    = note: this could be because a macro annotated with `#[macro_export]` will be exported at the root of the crate instead of the module where it is defined
[INFO] [stdout] help: a macro with this name exists at the root of the crate
[INFO] [stdout]    |
[INFO] [stdout] 16 | use ::C;
[INFO] [stdout]    |     ^^^
[INFO] [stdout] 
[INFO] [stdout] 
[INFO] [stdout] error: aborting due to 7 previous errors
[INFO] [stdout] 
[INFO] [stdout] 
[INFO] [stdout] Some errors have detailed explanations: E0432, E0583.
[INFO] [stdout] 
[INFO] [stdout] For more information about an error, try `rustc --explain E0432`.
[INFO] [stdout] 
[INFO] [stderr] error: could not compile `kavik_cz`
[INFO] [stderr] 
[INFO] [stderr] To learn more, run the command again with --verbose.
[INFO] running `Command { std: "docker" "inspect" "0c084fa2bd4d57f0419c991ca0f827ccdf38ae423b4fba38d5cac565415f3d17", kill_on_drop: false }`
[INFO] running `Command { std: "docker" "rm" "-f" "0c084fa2bd4d57f0419c991ca0f827ccdf38ae423b4fba38d5cac565415f3d17", kill_on_drop: false }`
[INFO] [stdout] 0c084fa2bd4d57f0419c991ca0f827ccdf38ae423b4fba38d5cac565415f3d17
